 - o. Is j a composite number?
False
Suppose d = -d + 4480. Suppose -4*v = 2*j - 908, 4*v - d = -j - 4*j. Suppose -2*h - j = -2*i, 0*i = -4*i - 4*h + 896. Is i a composite number?
False
Let a be 20/(-6)*31116/10. Let v = a + 17927. Is v a prime number?
False
Let o = -867 + 1598. Is o prime?
False
Let d be 1614/46 + 2/(-23). Suppose -2*o - 8*y = -3*y, 2*y = 0. Suppose -d = -w - o*w. Is w a prime number?
False
Let k(r) = r**2 + 15. Let l = 20 + -36. Let h = l - -16. Is k(h) a prime number?
False
Suppose w - 364 = 609. Is w a composite number?
True
Suppose -4*p + 0*p + 3*s + 217 = 0, -4*s = -4. Suppose 0 = p*c - 56*c + 807. Is c a composite number?
True
Let a(h) = -1824*h. Let q be a(-1). Suppose 2*x = 8*x - q. Suppose x + 23 = w. Is w a composite number?
True
Let g(v) = 3*v**2 - 4*v + 6. Let n be g(2). Is n/15 - (-64)/12 a composite number?
True
Let l(n) = 7*n**2 + 21*n + 3. Let g be l(-17). Is g + -1 + 6 + -5 composite?
False
Let u be (-12)/(-24)*(-1 + 4793). Suppose -6*v + u - 554 = 0. Is v prime?
True
Let z = -7765 - -34791. Is z prime?
False
Suppose 0 = 12*c - 64*c + 309452. Is c prime?
False
Let v = -46 - -48. Suppose 7211 = 4*s + 5*x, -6*s = -s - v*x - 8989. Is s a composite number?
True
Let p(t) = 9*t + 121. Is p(9) a composite number?
True
Let b = -32 + 29. Is (b - -1045)/((-10)/(-5)) a prime number?
True
Let w = -35893 + 62706. Is w a composite number?
False
Let g(s) = 244*s**3 - 6*s**2 + 5*s - 10. Is g(5) a prime number?
False
Suppose 0 = -132*m + 130*m + 44842. Is m composite?
True
Suppose -2*t = -y - 0*t + 2571, y + 5*t = 2557. Suppose y = 2*i + 8307. Is (-2)/(-10) + i/(-25) a composite number?
True
Is (-76)/20 + 3 + (-140478)/(-10) a composite number?
True
Let z be 1 + -5 + (-5 - -11). Suppose 4*l + 5*k - 1023 = 0, 2*l + 4*k - 1028 = -z*l. Suppose -u + l = -5*c, 4*c = -8*u + 3*u + 1281. Is u prime?
True
Suppose 4*s = -n + 44226, 0 = -n - 4*n - 10. Is s composite?
False
Let c = -1 + -1. Let r(a) = -18*a**3 - a**2 + 4*a + 3. Let n be r(c). Let m = 224 - n. Is m prime?
True
Let z = 67 - 12. Is z + 1 + (2 - 5) a composite number?
False
Let p(y) = -220*y**3 - 2*y**2 + y - 2. Let k(b) = b**3 - b**2 + b - 1. Let j(r) = 2*k(r) - p(r). Is j(1) prime?
True
Let q = -7 - -3. Let m(y) = -10*y**3 - 6*y**2 - 5*y - 11. Is m(q) prime?
False
Let y(q) = -3*q**3 + 15*q**2 - 6*q + 5. Let i be y(-11). Let u = i + -3064. Is u prime?
False
Let d be ((-10)/3)/((-3)/9). Let u = -108 + d. Let o = u + 227. Is o a prime number?
False
Let x = 14 + -7. Let z be (-79)/x + 6/21. Is z/44 - (-477)/4 a composite number?
True
Let c be (-18)/(-4)*(-60)/(-10). Suppose 877 = 28*p - c*p. Is p prime?
True
Let i = -5687 + 22344. Is i a prime number?
True
Let r = 3050 - 741. Is r prime?
True
Let v(c) = 6*c + 13. Let d be v(-6). Let r(u) = -14*u + 4. Let l be r(3). Let z = d - l. Is z prime?
False
Let w = -55932 - -81131. Is w a prime number?
False
Suppose -5*a + 10068 = 2*d, -4*d = -4*a - 15768 - 4396. Is d prime?
True
Let n be -312*((-27)/4 - -2). Suppose -n = -7*d + d. Is d prime?
False
Is 3 - -1 - (1 - 2 - 581) a prime number?
False
Suppose -2*r + 2*p = -3*r + 1977, -p + 2 = 0. Is r prime?
True
Suppose -5*y = 2835 - 16730. Let c = y - 1850. Is c prime?
True
Let k(w) = 8*w**2 - 4*w + 1. Is k(-3) a prime number?
False
Let j = 237 - 159. Let f = -297 + j. Let i = -92 - f. Is i prime?
True
Suppose 396*s - 397*s = -2771. Is s a composite number?
True
Let s(k) = 14*k**2 + 4*k. Let i be s(2). Suppose 101 + i = 5*l. Is l composite?
True
Let v = -25 + 24. Is (-2)/(8/6628)*v prime?
True
Let a(q) = 3 - 6*q**2 + 2*q + q + 7*q**3 + q. Let d = -81 + 85. Is a(d) a composite number?
True
Is (4/10)/((-210)/(-3936975)) a composite number?
False
Let l(t) = -23*t - 3 + 4 + 33*t. Is l(9) a prime number?
False
Let g(l) = 6*l**3 - 5*l**2 - 31*l + 197. Is g(7) composite?
True
Let i(v) = -2*v**3 + 9*v**2 - 9*v + 1. Let x be i(6). Let a = -94 - x. Let d = a + 55. Is d prime?
False
Let o(t) = t**3 + 5*t**2 - 2*t - 7. Let v be o(-5). Suppose 2*x + x - v = 0. Let h(n) = 223*n**2 - n + 1. Is h(x) composite?
False
Suppose -5*k + 2*l + 178634 = 0, -23118 = -3*k + l + 84062. Is k prime?
False
Let r(p) = p**3 - 6*p**2 + 6*p - 4. Let k be r(5). Let w be -129 + (2 - 3)*k. Let x = -59 - w. Is x a composite number?
False
Let z(l) = -2*l**2 - 2*l - 21*l**2 + 61*l**2 + 38*l**2 - 1. Is z(2) a prime number?
False
Suppose 3*j - 18 = -5*u, -2*j + 2*u + u + 12 = 0. Suppose -2*m + j*m = 316. Is m a prime number?
True
Let y be -1 + (118/2 - (-11 - -9)). Let u = -53 + 76. Let i = y - u. Is i a prime number?
True
Let u = -1410 - -2753. Is u a prime number?
False
Let g(z) = -z**2 + 1. Let x be g(2). Let p(l) = -l**3 - 5*l**2 - 3*l - 1. Let n be p(x). Let j(y) = y**2 - 10*y - 6. Is j(n) a composite number?
True
Let d be 4/18 + 80/45. Suppose d*t - 9 + 3 = 2*k, -4*t = k - 12. Is 22/6*(156 + t) a prime number?
False
Suppose j - 9 = 3*g, j = 6*j + 2*g + 6. Suppose j = x + 2*x - 24. Is (-1)/3*(-1848)/x a prime number?
False
Suppose -2*k = -3*y - 7, -5 = 4*k - 9*k - 5*y. Suppose 281 = -m + k*m + 2*h, -2*h + 859 = 3*m. Is m prime?
False
Suppose -5*d - 4*d = -108. Suppose -3*j + 1084 = 10. Suppose j = -11*u + d*u. Is u a prime number?
False
Let k = 1224 - 371. Is k composite?
False
Let i(j) = 2*j - 6. Let c = -23 - -28. Let g be i(c). Suppose a = 3*y - 635, -5*y + g*a + 339 + 710 = 0. Is y composite?
True
Let a(h) = -h - 6. Let i be a(-2). Let c be 32/4 + i + 1. Suppose -c*t + 426 = -2*v + 1259, 4*t - 423 = -v. Is v composite?
False
Suppose 177830 = -421*v + 431*v. Is v a composite number?
False
Let f = -17653 - -30480. Is f prime?
False
Let p = -77 - -829. Suppose -4*x + p = -0*t + 4*t, -5*x = -3*t - 964. Is x a composite number?
False
Let z = -1010 + 2941. Is z a prime number?
True
Suppose 0 = 2*w - w + 2. Is (-2 - 1)/(w/6) a prime number?
False
Suppose l - 3*y = -3, -6 = -5*y - 1. Let k = -8 - -13. Suppose l = -3*p + k*p - 786. Is p composite?
True
Suppose -5*p - 96883 = -4*i - 35087, -5*i - p = -77274. Is i a prime number?
False
Let k be (-3 - (-3 - 1633)) + 3. Suppose k = 3*l + l. Is l composite?
False
Let r = 664 - 427. Suppose -2*d + 3*d - r = 0. Is d prime?
False
Suppose 0 = -38*s + 699770 - 123044. Is s a composite number?
True
Suppose 2*x = -4*u - 1990, -2*x + 0*x = -2*u - 992. Let o be (-45)/2*132/9. Let v = o - u. Is v a prime number?
True
Let g be 4/(-34) - 11803/(-187). Let s = g + -44. Is s a prime number?
True
Suppose -3*t + 3*f = 6, -3*t = 7*f - 3*f + 6. Let g be (((-1)/2)/(1/(-4)))/(-2). Is -1*(t - -81)*g composite?
False
Let q = 0 - -8. Let t = 13 - q. Suppose 0 = k + 2*k + t*b - 54, 3*k = 3*b + 78. Is k a prime number?
True
Let j = -124650 + 217063. Is j a composite number?
False
Let f = -20055 - -34424. Is f prime?
True
Suppose d + d - 328 = 0. Let a = 243 - d. Is a composite?
False
Let o(k) = -49783*k**3 + 15*k + 15. Is o(-1) a composite number?
False
Let o(f) = 2*f**3 - 8*f**2 + 3*f - 9. Let u be o(7). Suppose -2*v - 126 = -c - c, 4*v = -5*c + u. Suppose -4*z + 91 = 5*a, z + 4*z = 3*a - c. Is a composite?
False
Let a(l) = -805*l + 68. Is a(-3) composite?
True
Is 8 - (7 + -2) - (-5 - 7715) a prime number?
True
Suppose y - 3*f + 15 = 0, 0 = 4*y + f - 0*f - 5. Suppose y = -r + 155 + 21. Let l = r + 15. Is l a prime number?
True
Let v = 4 + -1. Suppose v*q + 304 = 7*q. Suppose y - s = 50, -4*s = 4*y - 244 + q. Is y a prime number?
False
Suppose -h - y + 19 = 0, h - 2*y + 5 = 39. Suppose v + 4*w = 3*v - 4, 5*v + 4*w = h. Is (-7112)/(-32) - (-3)/v a prime number?
True
Let i(q) = -q + 5. Let g be i(8). Let d be (-1)/9*g*9. Suppose 0 = d*l - 6*l + 2631. Is l a prime number?
True
Let k(n) be the third derivative of 17*n**4/6 + 5*n**3/2 + 15*n**2. Is k(8) a composite number?
True
Suppose 9 = -3*k - 0. Let h be (2 - 12/k)/1. Is (h/(-3))/(2/(-307)) a composite number?
False
Let w(v) = 167*v + 85. Is w(38) a composite number?
True
Is ((-22)/33)/(4/(-2874)) prime?
True
Suppose -2*x + 17 = 7. Suppose -5 = -5*j + x*a, -5*a = -2*j + 1 - 8. Is j prime?
False
Suppose -7855 = -38*s + 4267. Is s prime?
False
Let x be (-2)/((3/24)/1). Let u = -70 + x. Let l = 231 + u. Is l a prime number?
False
Is 46/(-69) - 172558/(-6) a composite number?
False
Let b(d) = d**3 + d - 1. Let u be b(0). Let v be 172 + 0 + (u - -1). Let y = -2